-850*c**2 + 1766*c - 6. What is p(2)?
126
Let b(n) = -3*n**3 - 24*n**2 + 181*n + 23. What is b(-12)?
-421
Let g(h) = 91*h**2 + 139578*h - 24549. Give g(-1534).
-5
Let b(i) = -6*i**2 + 338*i + 2133. Determine b(-7).
-527
Let u(l) = 4*l**3 + 65*l**2 - 703*l - 11512. Calculate u(-16).
-8
Let q(u) = -10*u**2 + 691*u - 10598. Determine q(23).
5
Let y(n) = -21*n + 1928. Calculate y(90).
38
Let l(y) = -7*y**2 + 1004*y - 2454. Give l(141).
-57
Let w(y) = -361*y + 6526. What is w(18)?
28
Let s(k) = 7*k**2 + 684*k + 2272. Determine s(-95).
467
Let q(w) = -w**3 + 72*w**2 + 12695*w - 906382. Determine q(71).
4
Let i(f) = 2*f**3 + 9*f**2 + 69*f - 323. Calculate i(3).
19
Let t(g) = -g**3 - 19*g**2 + 1844*g + 20719. What is t(-11)?
-533
Let l(i) = -14*i**2 - 6845*i - 153. What is l(-489)?
-642
Let f(m) = -92*m - 45. Give f(6).
-597
Let s(b) = -73*b - 4963. Calculate s(-72).
293
Let l(y) = -602*y**3 - 4*y**2 - 2*y + 6. What is l(1)?
-602
Let b(u) = -760*u**2 - 53965*u - 382. What is b(-71)?
-27
Let l(h) = -h**3 - 78*h**2 + 3518*h - 314. Calculate l(-110).
-94
Let o(w) = -6*w**3 + 13*w**2 + 40*w + 15. Determine o(-2).
35
Let o(x) = 14*x**2 + 1243*x - 579. What is o(-89)?
-312
Let c(a) = -1461*a + 38903. Calculate c(28).
-2005
Let v(i) = -5*i**2 + 95*i - 43. Give v(11).
397
Let d(f) = -1655*f + 3343088. What is d(2020)?
-12
Let g(m) = -2*m**3 - 17*m**2 - m - 114. Determine g(-10).
196
Let v(x) = -28*x**2 + 3528*x + 3561. What is v(127)?
5
Let u(w) = -w**3 + 27*w**2 + 1634*w - 574. Give u(56).
-14
Let f(b) = 2*b**2 + 1631*b + 29369. Determine f(-18).
659
Let t(n) = 9222*n - 230559. What is t(25)?
-9
Let j(y) = y**2 - 859*y - 6832. What is j(-8)?
104
Let l(y) = -114*y + 32372. Calculate l(284).
-4
Let u(a) = -3982*a + 68069. What is u(17)?
375
Let m(k) = 10*k**2 - 2802*k - 360219. Calculate m(376).
-11
Let l(h) = -h**3 - 8623*h**2 - 43091*h - 13. What is l(-5)?
-8
Let r(b) = b**2 + 153*b - 2085. Calculate r(13).
73
Let v(r) = 274878*r + 5772418. Determine v(-21).
-20
Let w(f) = -f**3 - 55*f**2 - 538*f - 1588. Determine w(-42).
-1924
Let h(s) = -s**3 - 1145*s**2 + 2292*s - 7. Determine h(2).
-11
Let y(q) = -724*q**3 - q**2 - 4161*q + 4163. What is y(1)?
-723
Let r(j) = -42286*j - 84588. Determine r(-2).
-16
Let b(x) = x**3 - 190*x**2 + 1280*x - 616. What is b(183)?
-799
Let c(i) = -2*i**3 - 731*i - 12. Give c(0).
-12
Let p(m) = 4*m**3 + 459*m**2 - 580*m + 126. What is p(-116)?
126
Let d(q) = 19299*q + 1061498. Calculate d(-55).
53
Let b(a) = -2*a**3 - 28*a**2 + 219*a - 429. Give b(-20).
-9
Let n(l) = -29*l**3 + 5*l**2 - 1033*l - 3125. What is n(-3)?
802
Let n(f) = 2*f**3 - 140*f**2 - 10673*f + 170. What is n(116)?
54
Let f(g) = g**3 + 8899*g**2 - 35604*g - 22. Determine f(4).
10
Let f(v) = 11554*v - 5823290. Give f(504).
-74
Let g(k) = 58*k**3 + k**2 - 121*k - 338. Determine g(-3).
-1532
Let h(y) = 47737*y - 286443. Calculate h(6).
-21
Let j(m) = m**3 + 14*m**2 - 299*m - 2078. Determine j(-7).
358
Let x(v) = 131*v**3 - 311*v**2 - 69*v + 340. Determine x(2).
6
Let o(f) = -832*f - 14629. What is o(-18)?
347
Let h(v) = -v**2 + 29*v + 219. Give h(10).
409
Let b(t) = -t**3 + 83*t**2 - 25*t + 2302. Give b(83).
227
Let b(a) = 6*a**2 + 61*a - 219. Calculate b(3).
18
Let x(v) = 522*v**2 - 10963*v - 98. What is x(21)?
-119
Let t(n) = -420*n**2 - 15967*n - 251. Calculate t(-38).
15
Let v(w) = w**3 - 25*w**2 - 251*w + 56. Determine v(32).
-808
Let c(o) = -2*o**3 - 111*o**2 + 3116*o + 65. What is c(-76)?
65
Let i(d) = -2403231*d - 48064617. Give i(-20).
3
Let g(x) = -120*x + 2824. What is g(25)?
-176
Let q(k) = 838*k + 265362. Determine q(-316).
554
Let k(f) = 6*f**2 + 1341*f - 5386. What is k(4)?
74
Let t(z) = -1493*z - 10442. Determine t(-7).
9
Let s(a) = 20*a**2 - 278*a - 1365. Determine s(-5).
525
Let h(v) = -v**2 + 51*v - 188. Calculate h(4).
0
Let x(a) = -a**3 + 585*a**2 - 4041*a - 9. Determine x(7).
26
Let x(q) = 3*q**2 + 292*q + 6968. Determine x(-42).
-4
Let q(k) = -588*k - 4737. Give q(-1).
-4149
Let u(f) = 516577*f - 10848120. Determine u(21).
-3
Let b(i) = -i**3 - 1804*i**2 - 19780*i - 631. Determine b(-11).
-4
Let t(r) = 3642116*r + 14. Give t(0).
14
Let p(x) = 6*x**2 - 2348*x + 21042. Determine p(9).
396
Let t(h) = 125673*h + 376985. Calculate t(-3).
-34
Let f(n) = -124*n**2 + 22114*n + 14699. Calculate f(179).
21
Let s(w) = w**2 - 176*w + 3014. Calculate s(20).
-106
Let y(l) = 46*l**2 + 1220*l + 7450. Give y(-17).
4
Let m(z) = 15139*z + 257358. Calculate m(-17).
-5
Let q(w) = -w**2 - 564*w - 63064. Determine q(-154).
76
Let g(h) = -6728*h + 962114. Calculate g(143).
10
Let x(i) = -27887*i + 110356. What is x(4)?
-1192
Let t(p) = -100*p**2 + 2195*p + 46. Give t(22).
-64
Let d(z) = -33967*z - 849278. What is d(-25)?
-103
Let r(k) = 2*k**3 - 147*k**2 - 305*k + 37522. Give r(72).
10
Let i(p) = 930*p + 21399. Give i(-23).
9
Let n(o) = -3*o**2 + 6*o + 131. Determine n(0).
131
Let n(w) = -2*w**2 - 32786*w + 196798. Give n(6).
10
Let w(u) = -u**3 + 202*u**2 + 1090*u + 357. What is w(-5)?
82
Let k(g) = -641*g - 75590. Give k(-118).
48
Let w(r) = -38387*r + 76775. Determine w(2).
1
Let j(h) = 17*h**3 + 9*h**2 - 15*h + 10. What is j(3)?
505
Let r(p) = p**2 + 5136*p - 103207. Calculate r(20).
-87
Let r(z) = 2*z**3 + 58*z**2 - 84865*z - 266. What is r(-221)?
-45
Let p(w) = -49156*w + 737346. Give p(15).
6
Let z(o) = 6274*o - 100403. Give z(16).
-19
Let n(a) = -218*a**2 + 25230*a + 6716. Determine n(116).
-12
Let v(l) = 7644*l - 2201474. Give v(288).
-2
Let l(g) = -606*g - 18413. Give l(-28).
-1445
Let o(f) = 674*f - 75934. Calculate o(113).
228
Let c(p) = 8*p**2 - 175*p + 2420. Determine c(12).
1472
Let k(r) = r**3 - 139*r**2 + 3338*r + 766. Determine k(108).
-314
Let h(i) = i**2 + 48*i - 462. What is h(-43)?
-677
Let h(g) = -155485*g + 1554843. Calculate h(10).
-7
Let k(x) = -3*x**3 + 68*x**2 - 338*x - 39. Calculate k(6).
-267
Let v(b) = 3*b**3 - 12*b**2 - 167*b + 659. What is v(4)?
-9
Let n(m) = 287*m - 4873. Give n(17).
6
Let s(l) = 1069*l - 44802. Calculate s(41).
-973
Let u(d) = 2017*d - 19621. Calculate u(10).
549
Let r(v) = -529*v - 24617. Determine r(-45).
-812
Let b(m) = 13674*m + 41030. What is b(-3)?
8
Let u(g) = -135*g + 11429. Determine u(86).
-181
Let a(c) = -239*c**3 + 943*c**2 + 56*c - 20. Determine a(4).
-4
Let n(g) = g**2 + 586*g + 85359. Determine n(-297).
-474
Let i(n) = n**2 - 79*n + 2126. Calculate i(29).
676
Let y(r) = 25*r**2 - 218*r + 112. Determine y(8).
-32
Let m(x) = 315737*x - 2525881. Determine m(8).
15
Let a(y) = -2708*y + 341182. Give a(126).
-26
Let b(v) = 1535*v + 159609. Calculate b(-104).
-31
Let t(w) = -w**3 - 356*w**2 + 995*w - 29434. What is t(-359)?
4
Let b(n) = n**3 - 4*n**2 - 34*n + 47. Give b(10).
307
Let c(w) = w**3 - 51*w**2 + 241*w - 81. Calculate c(46).
425
Let s(t) = t**3 - 37*t**2 - 316*t - 483. Calculate s(-5).
47
Let v(g) = 17*g**2 + 782*g + 781. Determine v(-1).
16
Let c(u) = -39388*u - 787776. Calculate c(-20).
-16
Let s(h) = -2*h**2 + 72*h + 219799. Determine s(-314).
-1
Let u(v) = -v**2 + 461*v + 12202. Calculate u(-25).
52
Let z(t) = -90381*t - 542796. Calculate z(-6).
-510
Let j(l) = -l**3 + 595*l**2 - 4655*l - 23995. Calculate j(587).
72
Let d(i) = 255308*i - 2042459. What is d(8)?
5
Let q(w) = w**3 - 21*w**2 - 1001*w + 13251. Determine q(12).
-57
Let l(m) = -16*m**2 - 794*m - 5908. Calculate l(-9).
-58
Let m(d) = 32*d**2 + 406*d + 690. Calculate m(-11).
96
Let j(b) = 8530*b - 42759. Determine j(5).
-109
Let v(w) = -31737*w - 126956. Give v(-4).
-8
Let s(p) = 23075*p - 230828. What is s(10)?
-78
Let x(w) = -22654*w - 45297. Determine x(-2).
11
Let v(l) = -1066*l + 121525. What is v(114)?
1
Let v(k) = -2*k**3 - 69*k**2 + 2044*k - 204. Calculate v(19).
5
Let p(c) = 3*c**2 + 6049*c - 18177. What is p(3)?
-3
Let n(u) = -13*u**3 - 12*u**2 - 44*u - 146. Give n(-3).
229
Let c(q) = 645*q - 21842. Calculate c(34).
88
Let t(g) = -53917*g - 539200. Calculate t(-10).
-30
Let i(n) = 1111*n - 1105. Give i(1).
6
Let f(j) = -j**3 + 115*j**2 - 2082*j + 270. Calculate f(92).
3398
Let t(w) = -w**3 + 149*w**2 - 3821*w - 549. Calculate t(116).
263
Let k(h) = 7*h**2 - 332*h + 21. Calculate k(3).
-912
Let s(u) = u**3 + 9*u**2 + 20*u + 266. Give s(-10).
-34
Let c(d) = d**3 + 12*d**2 + 11*d - 344. Give c(-7).
-176
Let b(y) = y**2 - 17719